ber?
False
Is 556506/(-72)*-12 + -20 a composite number?
True
Is 13/(-39)*(15 + -406128) composite?
True
Let l(k) = 257*k**2 + 7*k + 5. Let h be ((-40)/(-5))/(2 + 0). Suppose 4*i = i + j - 10, -4*i - j - h = 0. Is l(i) a composite number?
False
Let u = 379372 + -266921. Is u composite?
True
Suppose 6*z - 78*z = -514152. Is z a prime number?
False
Suppose -5579374 - 1728069 = -143*q. Is q prime?
False
Let q = 1863844 - 1289247. Is q composite?
False
Let y = -1 + 332. Suppose 0 = o - r - y - 3454, -r - 18941 = -5*o. Let a = o + -1043. Is a prime?
False
Let a be 3/4 + 3*(-536)/96. Is -802*2/(-5)*(-140)/a prime?
False
Is 7 + (-298233)/(-9) + 5 composite?
False
Suppose 0*u - 4*m - 211944 = -4*u, m - 211969 = -4*u. Is u a composite number?
True
Suppose -2*x = 3*m - 3*x + 3, 2*m + 2 = 4*x. Is (-4)/m*(-66296)/(-32) a prime number?
True
Let l(j) = 452*j**2 + 501*j + 25. Is l(-6) a prime number?
True
Let m(a) = a**3 + 24*a**2 - 25*a + 2. Suppose -175 = -z + 8*z. Let j be m(z). Suppose v - 59 = x, 0 = -5*v + j*x - 0*x + 283. Is v a prime number?
False
Suppose 5*x + 805 - 5370 = 0. Let y(v) = 0*v**3 - 2*v**3 + 918*v + 11 - x*v. Is y(-12) a composite number?
False
Let p(a) = -a**2 + 27*a + 5. Let o be p(27). Suppose -o*b + 9892 = -24823. Is b composite?
True
Let b be -2 + 1 - (6 + 198)/(-4). Let u = 597 + b. Is u composite?
False
Suppose v + 2*u = 8, 4*v + 11*u - 13*u + 8 = 0. Suppose -h - 44121 = -4*r, -6*r + 2*r - h + 44127 = v. Is r composite?
True
Let v be 7/(42/(-189) + 50/144). Suppose -51*a + v*a = 57745. Is a a composite number?
False
Let x = -2355 - -1371. Let p = -397 - x. Is p composite?
False
Suppose 12*a = 30017 - 10418 + 36909. Is a a prime number?
False
Let l(i) = 18*i**2 - 49*i + 32. Let f(u) = u. Let n(k) = -2*f(k) + l(k). Is n(11) a composite number?
True
Let a = 119966 + -33415. Is a prime?
False
Is ((-162830)/40 + -9)/((-2)/8) prime?
True
Let f(p) = 13*p**2 + 4*p + 8. Let i(x) = x**3 + 4*x**2 + x - 1. Let w be i(-2). Suppose 0*n - 5*n - 3 = -4*b, 0 = -b - w*n + 32. Is f(b) a prime number?
True
Let b(q) = 7*q**2 + 43*q - 31. Suppose -207 = 20*y - 11*y. Is b(y) a composite number?
False
Suppose -5*p = 22*h - 26*h + 20, 5*p + 15 = 3*h. Suppose h*x - 12099 = -4*y, 3*y - 12134 = -y + 2*x. Is y a prime number?
False
Is ((-7)/(98/(-161)))/(38/3230684) a prime number?
False
Is -681196*(3/(28 - -2))/(6/(-15)) a composite number?
False
Let a = -50 - -52. Suppose -5*z + 10959 = -2*w, -a*w - 6927 = -3*z - 350. Is z a prime number?
False
Let n be ((-75)/10)/(3/(-2)). Suppose n*y - 2996 = 789. Is y - (((-3)/(-1) - -1) + -4) a composite number?
False
Let g(b) = 36*b + 11. Let a(h) = h**3 + 4*h**2 + 3*h + 1. Let q be a(-2). Let p(v) = -73*v - 22. Let m(k) = q*p(k) + 5*g(k). Is m(-10) a prime number?
True
Let w = -44016 - -61769. Is w a composite number?
True
Let z = -461546 + 667149. Is z composite?
False
Let o(b) = 14*b - 9. Let r be o(2). Suppose 3*h - r = -4. Suppose 8499 = h*d + 1114. Is d composite?
True
Is (2/(-7))/(30/(-6219465)) a prime number?
True
Let i(m) = 90*m**2 - 109*m + 1519. Is i(-66) a prime number?
True
Suppose 1294 = q - 441. Suppose 6*b - q = b. Suppose 1238 = 5*s - b. Is s prime?
True
Suppose -t + 3*p = -650 - 1586, 4*t - p - 8999 = 0. Suppose -4*i - 4779 = 5*z, -i - 3*z + 360 = 1553. Let b = i + t. Is b composite?
True
Let p = 215 - -958. Suppose -a + p = 2*s + 3*s, a - 1169 = -3*s. Is a prime?
True
Suppose 53*m - 6 = 56*m, 5*y - m - 124717 = 0. Is y a composite number?
False
Suppose -6*a + 8*h - 3*h = -951331, -4*a + 5*h = -634229. Is a composite?
False
Suppose -48559 = -3*k + 5*t, 0 = 31*k - 26*k + t - 80913. Is k prime?
True
Let j(p) = -p**2 + 5*p + 3. Let r be j(5). Suppose -i + 6 = r. Is (2/i)/((-44)/(-13926)) a prime number?
True
Is 17002/4*(-387 + 421) composite?
True
Let g(m) = -m**3 - 15*m**2 + 11*m + 9. Let i be g(-16). Let v(r) = 201 - i + 561*r - 63. Is v(4) a prime number?
True
Let y(n) = 92*n**2 - 2*n + 88. Let t be y(30). Suppose -4*p - 4*l - 17132 + t = 0, 3*p - 49292 = l. Is p composite?
True
Suppose 25 = -0*j + 2*j + 3*n, 2*j - 5*n - 33 = 0. Let t be (-100)/(-70) + 8/j + 9. Suppose -t*p + 395 = -6*p. Is p prime?
True
Let l(x) = -3945*x + 607. Is l(-10) a prime number?
False
Suppose 4*g - 6 = 3*g. Suppose -3*o = -6*o - g. Let p(v) = -545*v + 9. Is p(o) prime?
False
Let t(m) = -m - 3*m + 1300*m**2 + 5*m + 1 + 162*m**2. Is t(-2) a prime number?
False
Suppose a - d + 4*d - 19 = 0, 2*d + 6 = 4*a. Is (3 - 6 - (-20026)/a)*2 prime?
True
Is -3*(-3 + 236778/(-27) + -4)*3 a composite number?
False
Let i = -2784 + 4669. Suppose -4*h + 2977 = 2*z - i, 5*h - 2*z - 6091 = 0. Is h prime?
True
Let q(n) = 390*n - 79. Let k = -274 - -284. Is q(k) a composite number?
False
Let s(r) = -784*r - 4219. Is s(-29) prime?
True
Suppose 0 = 8*s + 323 - 611. Suppose 70*q - s*q = 46274. Is q prime?
True
Let a = -11 - -15. Suppose -3 = -3*j + 12. Suppose 25 = -j*w, 2*w = -a*l - w + 2517. Is l prime?
False
Suppose -a - 42 = -7*a. Suppose a*k = 5*k - 2906. Let n = 2174 + k. Is n a prime number?
False
Let h(b) = 1731*b**2 - 148*b + 883. Is h(6) prime?
True
Suppose -8*u - 140 = -15*u. Suppose 0 = u*c - 17*c. Suppose c = 15*q - 7*q - 2192. Is q prime?
False
Suppose -8271*m = -8261*m - 41620. Is m a prime number?
False
Let p = -215 - -218. Is 19*538/p + (-4)/12 prime?
True
Let q(b) = -38297*b + 856. Is q(-5) prime?
True
Let w(l) = 9*l**2 + 5*l + 15. Let o be w(-2). Is ((-2)/(-6))/(o/221277) composite?
True
Let h(y) = -4904*y - 1309. Is h(-39) a composite number?
False
Let b be (-99)/66 + 1/2. Is b + 1 + -13 + 8170 + -10 prime?
True
Let k = 20 - -392. Let i(h) = 14*h - 188. Let o be i(14). Suppose o*f - 1084 = k. Is f prime?
False
Let d(h) be the second derivative of 25*h**3/3 - 15*h**2/2 + 4*h. Let z = 21 + -11. Is d(z) a prime number?
False
Let x = -252 - -147. Let g = x - -105. Suppose 0 = -g*l - 4*l + 444. Is l a prime number?
False
Let t be -7*(-24)/56 + 13623. Suppose 0 = 3*s + 69*d - 70*d - 20419, -2*s + 4*d + t = 0. Is s a composite number?
True
Suppose 0 = -2*z + 12, 0 = -3*w - 4*z + 756937 - 229159. Is w composite?
True
Suppose -62*g + 58*g = -4*z - 4467880, 5*g + 5*z - 5584940 = 0. Is g prime?
False
Suppose -135 = i - 10*i. Suppose -m - 2*f = 3*m - 26, 3*f = i. Suppose 0 + 4 = -m*a, 252 = 3*q + 3*a. Is q a prime number?
False
Suppose 4*q - 308 = 56. Suppose -1093 = -4*i + 3*m, -377 = -i + 5*m - q. Suppose c = 20 + i. Is c a prime number?
False
Let u(w) = -573*w**2 - 26*w + 73. Let x(a) = -285*a**2 - 13*a + 37. Let v(k) = 6*u(k) - 13*x(k). Is v(3) prime?
True
Suppose -8*l + 36*l - 250880 = 0. Let u = 36613 - l. Is u prime?
True
Suppose 3*j - j + 2218 = 0. Let z be 1254/((-21)/7) - (-1 + 1). Let i = z - j. Is i a prime number?
True
Let w = 146 + -116. Let c(n) = 44*n + 91. Is c(w) a composite number?
True
Suppose 0 = -5*r - 125 + 85. Is (-1)/(r/2) - 2322/(-24) a composite number?
False
Let d(z) = -90010*z + 23. Is d(-2) prime?
True
Let b(c) = 664*c + 2. Suppose 15 = r + 2*r, -2*r = -u - 9. Let z be b(u). Suppose z = 3*y + 93. Is y prime?
True
Let b be 620/26 + 12/78. Suppose 30*o - 30 = b*o. Suppose -1126 = -2*u - 2*j, 0 = -o*j + 10*j. Is u a composite number?
False
Let u be (1 - -29 - 1) + -3. Let d = u - 27. Is (-34)/((d - -6)*2/(-185)) prime?
False
Let a = 377535 - 257242. Is a a composite number?
False
Is 234297/4 - 3 - (0 - 4/(-16)) a prime number?
False
Suppose 0 = -2*d - 4*k, 3*d - 3*k + 21 = d. Let w(u) = 21*u**2 - 10*u - 34. Let s be w(d). Let n = 477 + s. Is n composite?
False
Suppose -10*w + a = -14*w + 105621, 0 = -3*w - 2*a + 79217. Is w composite?
True
Let d(o) be the first derivative of -722*o**4 - 2*o**3/3 - o**2/2 - 5*o + 90. Is d(-2) prime?
False
Let f be 14/(-4)*(-1612)/217. Suppose f*d + 42887 = 39*d. Is d prime?
True
Suppose -9406860 + 22192 = -4*p. Is p composite?
False
Let n = 7 - 7. Suppose n = 6*y - 37716 + 14940. Is -2*(y/(-40) - (-6)/(-10)) a prime number?
True
Is (-3 - 11/(-4))/(41/(-5072684)) a prime number?
True
Is (-1228*635/80)/(2/(-8)) prime?
False
Suppose 2*v = -4*t + 13702, -3*t = 2*v - 4349 - 5925. Suppose -h + 5*a = 1133, -4*h - a = t + 1104. Let w = 3874 + h. Is w a prime number?
True
Let j be 130/42 - (-32)/(-336). Suppose -3*r - b = -13, -r - j*b - 17 = -8*b. Suppose -r*m = -4*x - 4425 + 394, 5*m 